. Let r be (0 + 86)/((-6)/(-3)). Let q = r - 24. What is the remainder when v is divided by q?
17
Let a = 180 + -128. What is the remainder when a is divided by 19?
14
Calculate the remainder when 286 is divided by -87*((-2)/12)/(1/4).
54
Let r(b) = -13 + 5*b + 75 - 32. What is the remainder when r(3) is divided by 13?
6
Let f(q) = -15 - 18*q + 11*q + 4*q - 37*q. Calculate the remainder when 146 is divided by f(-1).
21
Let a be ((-32)/6)/4*-3. Let x(j) = 2*j**2 + j + 24*j**3 - 1 + 0*j**2 - a*j**2 + 3*j**2. Calculate the remainder when x(1) is divided by 10.
5
What is the remainder when ((-1638)/(-12))/(-13)*-2 is divided by 16?
5
Let t be (-65)/(-2)*(-9 + 11). Let b = 87 - t. Calculate the remainder when b is divided by 10.
2
Let x(w) = -128*w - 7. Let m be x(10). Let r = -432 - m. Calculate the remainder when r/18*4/5 is divided by 20.
18
Let y(t) = -2*t**2 - 19*t + 3. Let d be y(-7). Suppose -d = 11*h - 12*h. What is the remainder when h is divided by 21?
17
Suppose -2*x - 18 = -5*x. Let v = 11 + x. Let r = 4 + 2. What is the remainder when v is divided by r?
5
Let x = -33 + 34. Let i be (-1)/((-1)/2) + -10. Let s = i + 11. What is the remainder when s is divided by x?
0
Let b(y) = 6*y + 32. What is the remainder when 93 is divided by b(-4)?
5
Let z = 2528 - 2049. Calculate the remainder when z is divided by 48.
47
Suppose 0 = -72*h - 3745 + 14257. Suppose q - 5*v = 47, 3*v + 7 - 1 = 0. Calculate the remainder when h is divided by q.
35
Suppose 0 = -c + 2*f + 6, 3*c - f - 11 = 7. Calculate the remainder when 77 is divided by c.
5
Let o(k) = k**2 - 22*k - 32. Let v be o(24). Suppose -i + 25 = -v. Calculate the remainder when i is divided by 11.
8
Let c = 1325 + -1188. What is the remainder when c is divided by 29?
21
Let h = -1159 + 1163. Calculate the remainder when 197 is divided by h.
1
Suppose 0 = 38*n - 41506 - 19940. Calculate the remainder when n is divided by 15.
12
Suppose -3*w = -276 - 42. Calculate the remainder when w is divided by 102.
4
Calculate the remainder when 97 is divided by (-4 - -1)*21/(-63)*42.
13
Let y(p) = -4*p - 38. Let z be y(10). Let f = 90 + z. What is the remainder when 45 is divided by f?
9
Suppose 3*s + 43 + 41 = 0. Let c(v) = 9*v**3 - v + 1. What is the remainder when (-8)/(-12)*-6 - s is divided by c(1)?
6
Let n = 92 + -49. Let h = 205 - 207. Calculate the remainder when n is divided by 7 + -10 + (h - -30)/2.
10
Let o = 7 + 11. Let g = o - 5. Calculate the remainder when 24 is divided by g.
11
Suppose -z + 2 = s - 3, 2*z + s - 7 = 0. Calculate the remainder when 73 is divided by (-15)/(-5) + 8*z.
16
Let o = 388 - 355. Suppose -4*r + 122 = -62. Suppose 0 = 3*x + 2*n - 53, 2*n - r = -3*x + 7*n. What is the remainder when o is divided by x?
16
Let z(b) = 271*b - 520. Suppose 0 = -4*x - x + 215. Calculate the remainder when x is divided by z(2).
21
Suppose h - 524*p + 519*p = 28, 0 = -5*h + 3*p + 96. Suppose 4*x - 4 = 3*x. Calculate the remainder when h is divided by x.
2
Let i = 7 - 8. Let q be 1/4*i*-8. What is the remainder when q/8 + 978/24 is divided by 22?
19
Suppose 1 = -4*s + 5*s. Let f = s + 1. What is the remainder when 7 is divided by f?
1
Suppose -9*b + 92 + 727 = 0. Calculate the remainder when b is divided by 12.
7
Let t(o) = -o**3 - 5*o**2 - o + 2. Let u(y) = -y**2 - 11*y + 10. Let r be u(-12). Let q be t(r). Calculate the remainder when 37 + (-2)/4*q is divided by 14.
13
Let l(h) = 52*h**2 - 46*h + 45. What is the remainder when 186 is divided by l(1)?
33
Let l be 11 + -3 - (1 + 3). Suppose 6*w - l*w = -752. What is the remainder when (-4)/6 - w/24 is divided by 6?
3
Let l(g) = -2*g**3 - 3*g**2 - 2*g**2 + 2 + 6 + 7*g - g**2. What is the remainder when 44 is divided by l(-4)?
8
Let t be 82/26 + 52/(-338). Suppose -3*h + t*g - g = -115, h - 41 = 2*g. What is the remainder when h is divided by 13?
11
Let m = -7 + 11. Let i = 4 + 4. Suppose 126 = i*g + g. What is the remainder when g is divided by m?
2
Suppose 15 + 15 = 3*m. Let c = -21 + 25. Suppose 5*t - 96 = -c*z - 0*t, 5*z - 4*t = 79. Calculate the remainder when z is divided by m.
9
Suppose 3*j + 4*g - 6*g = 13, -4*j + 4 = 4*g. What is the remainder when j is divided by (0 + 1)*3 - 0?
0
Suppose -11*r + 7*r = -16. Suppose -19 = -y - 0*l + 3*l, -r*y + l = -32. Calculate the remainder when 2/(-6)*(-114)/2 is divided by y.
5
Let v(o) = 2*o**3 - 72*o**2 + 69*o + 60. Calculate the remainder when 81 is divided by v(35).
6
Let n = -63 - -110. Let w = n - -2. Calculate the remainder when w is divided by (1/(-1))/(31/(-403)).
10
Suppose 9*s + 8*s = 374. What is the remainder when s is divided by 12?
10
Let i(t) = t**2 + 64*t - 191. Suppose m + m = 36. Calculate the remainder when m is divided by i(3).
8
Let p(b) = 0*b**2 + 3*b - b**2 + 7*b + 10. Let r = 103 + -47. What is the remainder when r is divided by p(9)?
18
Let k = 41 + 26. Let z = k - 59. What is the remainder when z is divided by 6?
2
Suppose -5*m - 3*o + 131 = 0, o - 119 = -4*m - 17. What is the remainder when 170 is divided by m?
20
Suppose -2*f - 4*l + 36 = 0, 4*f + f + 3*l - 104 = 0. Suppose f = -2*n + 8. What is the remainder when (-7)/n - (-1 - 21) is divided by 12?
11
Suppose 667*m - 659*m = 136. What is the remainder when 108 is divided by m?
6
Suppose -10 = -2*l, -q - 4*q = 2*l - 610. Suppose -g = -9*g + q. Calculate the remainder when 133 is divided by g.
13
Suppose -56*d + 37*d + 2375 = 0. What is the remainder when d is divided by 58?
9
Suppose 2*w + w = 3*n - 12, 2*n - 3*w - 4 = 0. Let l be 0/((-9)/(-3)) - 2. Let f = 25 + l. Calculate the remainder when f is divided by n.
7
Let d be 1/(26/(-14) - (-3 + 1)). Let s(p) = -p + 23. What is the remainder when 31 is divided by s(d)?
15
Suppose -2*m + 15 = -113. What is the remainder when m + 1/2*-6 is divided by 8?
5
Let s be 1 - 4 - (0 - 1). Calculate the remainder when (2 + s + -1)*-43 is divided by 9.
7
Suppose -2*u + 2*n + 502 = 0, -12*u - 3*n + 735 = -9*u. What is the remainder when u is divided by 66?
50
Calculate the remainder when (28404/(-32))/(-9) + 21/56 is divided by 13.
8
Let a = 235 - 157. Suppose z + 5*q = 106, z + 0*z - 2*q = a. Calculate the remainder when z is divided by 8.
6
Let j = 166 - 156. Suppose j*x - 123 = -3. What is the remainder when 35 is divided by x?
11
Suppose -44840 = -15*b - 8090. Calculate the remainder when 1/(-2) - b/(-28) is divided by 15.
12
Suppose -5*d + 4*h = 2*h - 15, -2*d = 5*h - 35. Suppose 5*r + d = 0, 2*r - 57 = -4*n + 21. Calculate the remainder when 97 is divided by n.
17
Let h(m) = -m**3 - 2*m**2 - 2*m + 4. Let u be h(0). Suppose -u*w + 30 = -102. Calculate the remainder when 196 is divided by w.
31
Suppose r - 7 + 30 = 2*m, -m + 10 = r. Suppose 6*n = -5 + 23. Suppose -n*k = -v + 55, -5*v + 197 = -k - 22. What is the remainder when v is divided by m?
10
Let t = 6 - 15. Let o = 19 + t. Let x = 2 + o. What is the remainder when 34 is divided by x?
10
Let p = -944 - -952. What is the remainder when 183 is divided by p?
7
Let c(w) = 2*w**2 + 6*w - 59. Calculate the remainder when 58 is divided by c(-8).
16
Suppose 2*w = 5*w - 6. Suppose 0 = w*s - s. Let c(l) = l + 11. What is the remainder when 21 is divided by c(s)?
10
Let t(c) = -16*c**3 - c**2 + c - 3. What is the remainder when t(-3) is divided by 42?
39
Suppose 5*f = 2*f + 369. Let g = f - 69. Suppose -4*w = -20 - 36. What is the remainder when g is divided by w?
12
Let b be (-4)/(-2) + (-3 - -104). Let o be (-6)/(-15) + 3216/60. Let l = b - o. Calculate the remainder when l is divided by 17.
15
Suppose -4*f + 5*u + 43 = 0, -4*u + 0 - 33 = -3*f. What is the remainder when 82 is divided by f?
5
Let k = 805 + -750. What is the remainder when k is divided by 21?
13
Suppose 4*a = -5*c + 86 + 1814, -2358 = -5*a - 2*c. Suppose -6*m + a = -m. Suppose -3450 - 438 = -162*p. What is the remainder when m is divided by p?
22
Let s be 2/(-4*3/(-30)). Let n be 2/s - (-756)/10. Suppose 2*v + 4*f = -f + n, -3*v - 5*f = -104. What is the remainder when 52 is divided by v?
24
Let b = 33 - 73. Let m = b - -43. What is the remainder when 11 is divided by m?
2
Let t be 3/3 - (-1 - -3). What is the remainder when t*(-4 + 3) + 58 is divided by 31?
28
Suppose 0 = 5*s - 7*s + 20. Calculate the remainder when -14 - -31 - (-1 - -2) is divided by s.
6
Suppose -